{"id":7,"date":"2021-01-10T10:43:33","date_gmt":"2021-01-10T09:43:33","guid":{"rendered":"http:\/\/xn--yogatret-o0a.dk\/?page_id=7"},"modified":"2026-01-09T09:28:40","modified_gmt":"2026-01-09T08:28:40","slug":"om","status":"publish","type":"page","link":"http:\/\/xn--yogatret-o0a.dk\/?page_id=7","title":{"rendered":"Om"},"content":{"rendered":"\n<h4 class=\"has-text-align-left\">EN PAUSE FRA HVERDAGENS LARM \u2013 EN MULIGHED FOR AT FINDE HJEM TIL DIG SELV<\/h4>\n\n\n\n<p class=\"has-text-align-left\">Jeg opfordrer mine yogier til altid at komme i god tid inden en yogatime. Det giver mulighed for at \u201clande\u201d p\u00e5 yogam\u00e5tten og du undg\u00e5r at forstyrre dine medyogier. <\/p>\n\n\n\n<ul><li>Kom i god tid s\u00e5 du har tid at lande p\u00e5 din yogam\u00e5tte.<\/li><li>Undg\u00e5 smalltalk i yogalokalet, det er en m\u00e5ske sj\u00e6lden chance for, at v\u00e6re i fuldkommen ro. Det er i stilheden at vi begynder at m\u00e6rke hvordan vi har det.<\/li><li>Mobiltelefonen slukkes helt eller stilles p\u00e5 fly. I \u00f8vrigt er det en god ide ikke at b\u00e6re armb\u00e5ndsur. N\u00e5r vi dyrker yoga \u00f8ver vi os p\u00e5 at v\u00e6re tilstede i nuet.<\/li><\/ul>\n\n\n\n<hr class=\"wp-block-separator\"\/>\n\n\n\n<p><\/p>\n","protected":false},"excerpt":{"rendered":"<p>EN PAUSE FRA HVERDAGENS LARM \u2013 EN MULIGHED FOR AT FINDE HJEM TIL DIG SELV Jeg opfordrer mine yogier til altid at komme i god tid inden en yogatime. Det giver mulighed for at \u201clande\u201d p\u00e5 yogam\u00e5tten og du undg\u00e5r at forstyrre dine medyogier. Kom i god tid s\u00e5 du&#8230;<\/p>\n","protected":false},"author":1,"featured_media":0,"parent":0,"menu_order":0,"comment_status":"closed","ping_status":"closed","template":"","meta":[],"_links":{"self":[{"href":"http:\/\/xn--yogatret-o0a.dk\/index.php?rest_route=\/wp\/v2\/pages\/7"}],"collection":[{"href":"http:\/\/xn--yogatret-o0a.dk\/index.php?rest_route=\/wp\/v2\/pages"}],"about":[{"href":"http:\/\/xn--yogatret-o0a.dk\/index.php?rest_route=\/wp\/v2\/types\/page"}],"author":[{"embeddable":true,"href":"http:\/\/xn--yogatret-o0a.dk\/index.php?rest_route=\/wp\/v2\/users\/1"}],"replies":[{"embeddable":true,"href":"http:\/\/xn--yogatret-o0a.dk\/index.php?rest_route=%2Fwp%2Fv2%2Fcomments&post=7"}],"version-history":[{"count":13,"href":"http:\/\/xn--yogatret-o0a.dk\/index.php?rest_route=\/wp\/v2\/pages\/7\/revisions"}],"predecessor-version":[{"id":414,"href":"http:\/\/xn--yogatret-o0a.dk\/index.php?rest_route=\/wp\/v2\/pages\/7\/revisions\/414"}],"wp:attachment":[{"href":"http:\/\/xn--yogatret-o0a.dk\/index.php?rest_route=%2Fwp%2Fv2%2Fmedia&parent=7"}],"curies":[{"name":"wp","href":"https:\/\/api.w.org\/{rel}","templated":true}]}}